[INFO] cloning repository https://github.com/retep998/benchmem-rs
[INFO] running `Command { std: "git" "-c" "credential.helper=" "-c" "credential.helper=/workspace/cargo-home/bin/git-credential-null" "clone" "--bare" "https://github.com/retep998/benchmem-rs" "/workspace/cache/git-repos/https%3A%2F%2Fgithub.com%2Fretep998%2Fbenchmem-rs", kill_on_drop: false }`
[INFO] [stderr] Cloning into bare repository '/workspace/cache/git-repos/https%3A%2F%2Fgithub.com%2Fretep998%2Fbenchmem-rs'...
[INFO] running `Command { std: "git" "rev-parse" "HEAD", kill_on_drop: false }`
[INFO] [stdout] 9d95474f73a62a3c2179b2046dfbcd0f155abed6
[INFO] building retep998/benchmem-rs against master#881c1ac408d93bb7adaa3a51dabab9266e82eee8 for issue-85264
[INFO] running `Command { std: "git" "clone" "/workspace/cache/git-repos/https%3A%2F%2Fgithub.com%2Fretep998%2Fbenchmem-rs" "/workspace/builds/worker-3/source", kill_on_drop: false }`
[INFO] [stderr] Cloning into '/workspace/builds/worker-3/source'...
[INFO] [stderr] done.
[INFO] validating manifest of git repo https://github.com/retep998/benchmem-rs on toolchain 881c1ac408d93bb7adaa3a51dabab9266e82eee8
[INFO] running `Command { std: "/workspace/cargo-home/bin/cargo" "+881c1ac408d93bb7adaa3a51dabab9266e82eee8" "metadata" "--manifest-path" "Cargo.toml" "--no-deps", kill_on_drop: false }`
[INFO] started tweaking git repo https://github.com/retep998/benchmem-rs
[INFO] finished tweaking git repo https://github.com/retep998/benchmem-rs
[INFO] tweaked toml for git repo https://github.com/retep998/benchmem-rs written to /workspace/builds/worker-3/source/Cargo.toml
[INFO] crate git repo https://github.com/retep998/benchmem-rs already has a lockfile, it will not be regenerated
[INFO] running `Command { std: "/workspace/cargo-home/bin/cargo" "+881c1ac408d93bb7adaa3a51dabab9266e82eee8" "fetch" "--manifest-path" "Cargo.toml", kill_on_drop: false }`
[INFO] running `Command { std: "docker" "create" "-v" "/var/lib/crater-agent-workspace/builds/worker-3/target:/opt/rustwide/target:rw,Z" "-v" "/var/lib/crater-agent-workspace/builds/worker-3/source:/opt/rustwide/workdir:ro,Z" "-v" "/var/lib/crater-agent-workspace/cargo-home:/opt/rustwide/cargo-home:ro,Z" "-v" "/var/lib/crater-agent-workspace/rustup-home:/opt/rustwide/rustup-home:ro,Z" "-e" "SOURCE_DIR=/opt/rustwide/workdir" "-e" "CARGO_TARGET_DIR=/opt/rustwide/target" "-e" "CARGO_HOME=/opt/rustwide/cargo-home" "-e" "RUSTUP_HOME=/opt/rustwide/rustup-home" "-w" "/opt/rustwide/workdir" "-m" "1610612736" "--user" "0:0" "--network" "none" "ghcr.io/rust-lang/crates-build-env/linux@sha256:20528e8c29e4536546f0102ce88568b16ea7538393a33fcca951030f7af10457" "/opt/rustwide/cargo-home/bin/cargo" "+881c1ac408d93bb7adaa3a51dabab9266e82eee8" "metadata" "--no-deps" "--format-version=1", kill_on_drop: false }`
[INFO] [stdout] 48998b2e6f8b58206987b123a6b689f569749e14a659bb4455b553dc613430cd
[INFO] [stderr] WARNING: Your kernel does not support swap limit capabilities or the cgroup is not mounted. Memory limited without swap.
[INFO] running `Command { std: "docker" "start" "-a" "48998b2e6f8b58206987b123a6b689f569749e14a659bb4455b553dc613430cd", kill_on_drop: false }`
[INFO] running `Command { std: "docker" "inspect" "48998b2e6f8b58206987b123a6b689f569749e14a659bb4455b553dc613430cd", kill_on_drop: false }`
[INFO] running `Command { std: "docker" "rm" "-f" "48998b2e6f8b58206987b123a6b689f569749e14a659bb4455b553dc613430cd", kill_on_drop: false }`
[INFO] [stdout] 48998b2e6f8b58206987b123a6b689f569749e14a659bb4455b553dc613430cd
[INFO] running `Command { std: "docker" "create" "-v" "/var/lib/crater-agent-workspace/builds/worker-3/target:/opt/rustwide/target:rw,Z" "-v" "/var/lib/crater-agent-workspace/builds/worker-3/source:/opt/rustwide/workdir:ro,Z" "-v" "/var/lib/crater-agent-workspace/cargo-home:/opt/rustwide/cargo-home:ro,Z" "-v" "/var/lib/crater-agent-workspace/rustup-home:/opt/rustwide/rustup-home:ro,Z" "-e" "SOURCE_DIR=/opt/rustwide/workdir" "-e" "CARGO_TARGET_DIR=/opt/rustwide/target" "-e" "CARGO_INCREMENTAL=0" "-e" "RUST_BACKTRACE=full" "-e" "RUSTFLAGS=--cap-lints=forbid" "-e" "CARGO_HOME=/opt/rustwide/cargo-home" "-e" "RUSTUP_HOME=/opt/rustwide/rustup-home" "-w" "/opt/rustwide/workdir" "-m" "1610612736" "--user" "0:0" "--network" "none" "ghcr.io/rust-lang/crates-build-env/linux@sha256:20528e8c29e4536546f0102ce88568b16ea7538393a33fcca951030f7af10457" "/opt/rustwide/cargo-home/bin/cargo" "+881c1ac408d93bb7adaa3a51dabab9266e82eee8" "build" "--frozen" "--message-format=json", kill_on_drop: false }`
[INFO] [stdout] 86019dd63d99d01203238aed3685dd98639333c688c0062836ded76ab7d31e45
[INFO] [stderr] WARNING: Your kernel does not support swap limit capabilities or the cgroup is not mounted. Memory limited without swap.
[INFO] running `Command { std: "docker" "start" "-a" "86019dd63d99d01203238aed3685dd98639333c688c0062836ded76ab7d31e45", kill_on_drop: false }`
[INFO] [stderr]    Compiling winapi-build v0.1.1
[INFO] [stderr]    Compiling winapi v0.2.5
[INFO] [stderr]    Compiling kernel32-sys v0.2.1
[INFO] [stderr]    Compiling benchmem v0.0.1 (/opt/rustwide/workdir)
[INFO] [stdout] error[E0412]: cannot find type `FILETIME` in this scope
[INFO] [stdout]   --> src/main.rs:15:19
[INFO] [stdout]    |
[INFO] [stdout] 15 | impl Filetime for FILETIME {
[INFO] [stdout]    |                   ^^^^^^^^ not found in this scope
[INFO] [stdout] 
[INFO] [stdout] 
[INFO] [stdout] error[E0425]: cannot find function, tuple struct or tuple variant `OpenProcess` in this scope
[INFO] [stdout]   --> src/main.rs:23:16
[INFO] [stdout]    |
[INFO] [stdout] 23 |     let hand = OpenProcess(PROCESS_QUERY_INFORMATION | SYNCHRONIZE , FALSE, id);
[INFO] [stdout]    |                ^^^^^^^^^^^ not found in this scope
[INFO] [stdout] 
[INFO] [stdout] 
[INFO] [stdout] error[E0425]: cannot find value `PROCESS_QUERY_INFORMATION` in this scope
[INFO] [stdout]   --> src/main.rs:23:28
[INFO] [stdout]    |
[INFO] [stdout] 23 |     let hand = OpenProcess(PROCESS_QUERY_INFORMATION | SYNCHRONIZE , FALSE, id);
[INFO] [stdout]    |                            ^^^^^^^^^^^^^^^^^^^^^^^^^ not found in this scope
[INFO] [stdout] 
[INFO] [stdout] 
[INFO] [stdout] error[E0425]: cannot find value `SYNCHRONIZE` in this scope
[INFO] [stdout]   --> src/main.rs:23:56
[INFO] [stdout]    |
[INFO] [stdout] 23 |     let hand = OpenProcess(PROCESS_QUERY_INFORMATION | SYNCHRONIZE , FALSE, id);
[INFO] [stdout]    |                                                        ^^^^^^^^^^^ not found in this scope
[INFO] [stdout] 
[INFO] [stdout] 
[INFO] [stdout] error[E0425]: cannot find value `FALSE` in this scope
[INFO] [stdout]   --> src/main.rs:23:70
[INFO] [stdout]    |
[INFO] [stdout] 23 |     let hand = OpenProcess(PROCESS_QUERY_INFORMATION | SYNCHRONIZE , FALSE, id);
[INFO] [stdout]    |                                                                      ^^^^^ not found in this scope
[INFO] [stdout] 
[INFO] [stdout] 
[INFO] [stdout] error[E0412]: cannot find type `PROCESS_MEMORY_COUNTERS` in this scope
[INFO] [stdout]   --> src/main.rs:24:19
[INFO] [stdout]    |
[INFO] [stdout] 24 |     let mut memc: PROCESS_MEMORY_COUNTERS = mem::zeroed();
[INFO] [stdout]    |                   ^^^^^^^^^^^^^^^^^^^^^^^ not found in this scope
[INFO] [stdout] 
[INFO] [stdout] 
[INFO] [stdout] error[E0412]: cannot find type `DWORD` in this scope
[INFO] [stdout]   --> src/main.rs:25:43
[INFO] [stdout]    |
[INFO] [stdout] 25 |     let size = mem::size_of_val(&memc) as DWORD;
[INFO] [stdout]    |                                           ^^^^^ not found in this scope
[INFO] [stdout] 
[INFO] [stdout] 
[INFO] [stdout] error[E0425]: cannot find function, tuple struct or tuple variant `K32GetProcessMemoryInfo` in this scope
[INFO] [stdout]   --> src/main.rs:35:17
[INFO] [stdout]    |
[INFO] [stdout] 35 |         assert!(K32GetProcessMemoryInfo(hand, &mut memc, size) != 0);
[INFO] [stdout]    |                 ^^^^^^^^^^^^^^^^^^^^^^^ not found in this scope
[INFO] [stdout] 
[INFO] [stdout] 
[INFO] [stdout] error[E0425]: cannot find function, tuple struct or tuple variant `GetProcessTimes` in this scope
[INFO] [stdout]   --> src/main.rs:36:17
[INFO] [stdout]    |
[INFO] [stdout] 36 |         assert!(GetProcessTimes(hand, &mut creation, &mut exit, &mut kernel, &mut user) != 0);
[INFO] [stdout]    |                 ^^^^^^^^^^^^^^^ not found in this scope
[INFO] [stdout] 
[INFO] [stdout] 
[INFO] [stdout] error[E0425]: cannot find function, tuple struct or tuple variant `GetSystemTimeAsFileTime` in this scope
[INFO] [stdout]   --> src/main.rs:37:9
[INFO] [stdout]    |
[INFO] [stdout] 37 |         GetSystemTimeAsFileTime(&mut current);
[INFO] [stdout]    |         ^^^^^^^^^^^^^^^^^^^^^^^ not found in this scope
[INFO] [stdout] 
[INFO] [stdout] 
[INFO] [stdout] error[E0425]: cannot find function, tuple struct or tuple variant `WaitForSingleObject` in this scope
[INFO] [stdout]   --> src/main.rs:43:15
[INFO] [stdout]    |
[INFO] [stdout] 43 |         match WaitForSingleObject(hand, 10) {
[INFO] [stdout]    |               ^^^^^^^^^^^^^^^^^^^ not found in this scope
[INFO] [stdout] 
[INFO] [stdout] 
[INFO] [stdout] error[E0425]: cannot find function, tuple struct or tuple variant `GetProcessTimes` in this scope
[INFO] [stdout]   --> src/main.rs:46:25
[INFO] [stdout]    |
[INFO] [stdout] 46 |                 assert!(GetProcessTimes(hand, &mut creation, &mut exit, &mut kernel, &mut user) != 0);
[INFO] [stdout]    |                         ^^^^^^^^^^^^^^^ not found in this scope
[INFO] [stdout] 
[INFO] [stdout] 
[INFO] [stdout] error[E0425]: cannot find function, tuple struct or tuple variant `QueryProcessCycleTime` in this scope
[INFO] [stdout]   --> src/main.rs:53:25
[INFO] [stdout]    |
[INFO] [stdout] 53 |                 assert!(QueryProcessCycleTime(hand, &mut cycles) != 0);
[INFO] [stdout]    |                         ^^^^^^^^^^^^^^^^^^^^^ not found in this scope
[INFO] [stdout] 
[INFO] [stdout] 
[INFO] [stdout] warning: unused import: `kernel32::*`
[INFO] [stdout]  --> src/main.rs:5:5
[INFO] [stdout]   |
[INFO] [stdout] 5 | use kernel32::*;
[INFO] [stdout]   |     ^^^^^^^^^^^
[INFO] [stdout]   |
[INFO] [stdout]   = note: `#[warn(unused_imports)]` on by default
[INFO] [stdout] 
[INFO] [stdout] 
[INFO] [stdout] warning: unused import: `winapi::*`
[INFO] [stdout]   --> src/main.rs:10:5
[INFO] [stdout]    |
[INFO] [stdout] 10 | use winapi::*;
[INFO] [stdout]    |     ^^^^^^^^^
[INFO] [stdout] 
[INFO] [stdout] 
[INFO] [stdout] error: aborting due to 13 previous errors; 2 warnings emitted
[INFO] [stdout] 
[INFO] [stdout] 
[INFO] [stdout] Some errors have detailed explanations: E0412, E0425.
[INFO] [stdout] 
[INFO] [stdout] For more information about an error, try `rustc --explain E0412`.
[INFO] [stdout] 
[INFO] [stderr] error: could not compile `benchmem`
[INFO] [stderr] 
[INFO] [stderr] To learn more, run the command again with --verbose.
[INFO] running `Command { std: "docker" "inspect" "86019dd63d99d01203238aed3685dd98639333c688c0062836ded76ab7d31e45", kill_on_drop: false }`
[INFO] running `Command { std: "docker" "rm" "-f" "86019dd63d99d01203238aed3685dd98639333c688c0062836ded76ab7d31e45", kill_on_drop: false }`
[INFO] [stdout] 86019dd63d99d01203238aed3685dd98639333c688c0062836ded76ab7d31e45
